s the remainder when (-82768)/(-112)*(0 + 5) is divided by 88?
87
What is the remainder when 990 is divided by 4/(-3)*(1465/(-6) + (-52)/156)?
12
Suppose 0 = -5*x - 5*j + 735, -167 = -x - 2*j + 5*j. Calculate the remainder when x is divided by 15.
2
Let w = 67 + -50. Let u(d) = 12*d**2 + 6*d. Let o be u(-3). Suppose 14*a = w*a - o. What is the remainder when a is divided by 11?
8
Suppose -11*h + 2556 = -502. What is the remainder when 1119 is divided by h?
7
Let o be (-1 - (-2)/3) + (-128)/(-24). Suppose -j + 30 = 2*p + 9, -9 = 2*p - o*j. What is the remainder when p + 0*4/(-8) is divided by 6?
2
Suppose -91*k - 317590 = -789*k. Calculate the remainder when k is divided by 411.
44
Let r = -3142 - -3266. What is the remainder when r is divided by 25?
24
Suppose i = -i - 184. Let o = i - -95. Suppose -y + 4*x + 55 = o, 5*y - 212 = 4*x. Calculate the remainder when y is divided by 7.
5
Let t = -19585 + 19667. What is the remainder when 13527 is divided by t?
79
Let i(z) = -22*z**3 - 2*z**2 - 2*z - 3. Let o be i(-2). Suppose -4*d + o - 125 = 0. Calculate the remainder when 46 is divided by d.
2
Let n = -292 + 164. Let r = -103 - n. Calculate the remainder when 39 is divided by r.
14
Let t be 113/(-3)*13/(65/(-90)). Let h = 751 - t. Calculate the remainder when h is divided by 23.
4
Let a be (6 - 5) + 1 + 10. Let t(x) = x + 6*x + a - 5*x - x**3. What is the remainder when 46 is divided by t(0)?
10
Let l(n) = -n**3 + 10*n**2 + 6*n - 6. Let h be l(10). Let y = h + -41. What is the remainder when 48 is divided by y?
9
Let n(d) = -d**2 + 44*d - 466. What is the remainder when 342 is divided by n(22)?
0
Let k = -120 + 154. Suppose -t + 2*d = 6 - 15, -2*d + 9 = 5*t. What is the remainder when k is divided by 1 - (9/(-2))/(t/6)?
4
Let b be (-6)/4*(-4)/(-6). Let y = -80890 + 80909. What is the remainder when (b - 0)/((-1)/73) is divided by y?
16
Suppose m = 10 - 2. Suppose 30*p - 29*p = -m. Calculate the remainder when (p/44 - 684/(-11)) + 0 is divided by 21.
20
Suppose -5*y + 12465 = -i, 3*i - 6*i = 5*y - 12465. Calculate the remainder when y is divided by 5.
3
Suppose 4*q = -5*g - 85 - 72, -4*g - 138 = -3*q. What is the remainder when g/(3*(-4)/12) is divided by 27?
6
Suppose -51*b - 49*b - 2685 = -10285. What is the remainder when 670 is divided by b?
62
Suppose 3*n = n - 2*v + 1534, 3*v - 1537 = -2*n. What is the remainder when n is divided by 51?
50
Let v(h) = h**3 + 5*h**2 - 21*h - 33. Suppose 4*u - 65 = -3*r - 13, 2*r + u - 28 = 0. Calculate the remainder when v(-6) is divided by r.
9
Let p(r) = -11*r - 4. Calculate the remainder when ((-48)/(-128))/(-3)*(-2 + -2)*394 is divided by p(-4).
37
Let h = 16362 - 16230. Calculate the remainder when 411 is divided by h.
15
Let f(k) = 192*k + 3814. What is the remainder when f(-18) is divided by 24?
22
Suppose 533 = -2*j - 235. Let q = 469 + j. Calculate the remainder when q is divided by (58/4)/(3/6).
27
Let p = 6490 + -5657. Calculate the remainder when p is divided by 42.
35
Let p = 1979 - -3563. What is the remainder when p is divided by 33?
31
Suppose 4059 = 25*q - 2616. Let j(s) = -2*s**3 - 6*s**2 - 5*s + 2. Calculate the remainder when q is divided by j(-4).
51
Let t(s) = -s**3 + 8*s**2 - 8*s + 9. Let a be t(7). Suppose -5*p - a*z = -195, -5*p + 109 = -4*z - 56. What is the remainder when 127 is divided by p?
16
Let t(j) = 9*j**3 + j**2 + j - 11. Let n(u) = 10*u**3 + u - 12. Let x(d) = 5*n(d) - 6*t(d). Calculate the remainder when 223 is divided by x(-2).
15
Suppose 797 = -2*b + 805. Suppose -v + l = -18, -3*l - 38 = -3*v + b*l. Calculate the remainder when 57 is divided by v.
13
Let k(n) = -1 - n**2 - 1 + 0 - 9*n. Let g(b) = -3*b**2 - 65*b - 32. Calculate the remainder when k(-6) is divided by g(-21).
6
Suppose -4*d = -s + 5*s - 1056, -3*d + 3*s = -774. Calculate the remainder when d*(-7)/(-105)*5 is divided by 23.
18
Suppose -6*d + 156 = -0*d. What is the remainder when 6 + 145/(-25) + 5 + (-1170)/(-25) is divided by d?
0
Let v = -4348 + 4852. What is the remainder when v is divided by 244?
16
Suppose 160*w + 268 = 3*f + 158*w, 8 = -4*w. Calculate the remainder when 136 is divided by f.
48
Suppose -10613 = -5*s + 3*c, 5*s - 9*c = -14*c + 10645. Calculate the remainder when s is divided by 23.
9
Let a(p) = -p**3 - 6*p**2 + 11. Let u be (-50)/(-15) + (-1)/3. Suppose u*x + 0*x = -18. What is the remainder when a(x) is divided by 2?
1
Suppose -122*j + 16*j + 9386 = 376. Calculate the remainder when 204 is divided by j.
34
Suppose 2047 + 2173 = 4*m + x, m = -x + 1058. What is the remainder when m is divided by 350?
4
Suppose 25*z - 339 = 20*z + 4*s, -4*z - 4*s + 228 = 0. What is the remainder when z is divided by 13?
11
Let q(c) = -3*c**3 - 11*c**2 - 30*c - 86. What is the remainder when 5298 is divided by q(-4)?
48
Let f = -5690 - -6049. What is the remainder when f is divided by 45?
44
Calculate the remainder when 1939/1108 + 3706/8 is divided by 48.
33
Let f = -36 - -30. Let z be ((-4)/f)/(9/(162/4)). Suppose -4*w + z*u = -99, -5*w + w = -u - 105. What is the remainder when w is divided by 14?
13
Suppose 0 = -4*u - 4*x - 2100, 0*x = -5*u - x - 2645. Let f = -415 - u. Calculate the remainder when f is divided by 37.
4
Let x(u) = 27*u - 71. Let s be x(7). Let g = s - 47. Suppose -d - 50 = -2*w + 2*d, 5*w - 125 = -2*d. Calculate the remainder when g is divided by w.
21
Suppose 0 = 2*u - 12, -77*r + 10166 = -73*r - 5*u. Calculate the remainder when r is divided by 23.
19
Suppose 3*a + s = 990, a + 3*s - 6*s - 340 = 0. What is the remainder when 953 is divided by a?
291
Suppose -5*u - w + 494 = 0, -5*u + 429 + 41 = -5*w. Suppose u*v - 85 = 93*v. What is the remainder when 46 is divided by v?
12
Calculate the remainder when (-31892)/(-20) + (2/(-7) - (-648)/945) is divided by 19.
18
Let r = 758 - 890. Let z = -93 - r. Calculate the remainder when 1 + 229 + 1*2 is divided by z.
37
Suppose 30635 - 143195 = -35*x. Calculate the remainder when x is divided by 14.
10
Suppose -3*j = c - 10710, -j + 4*c = -0*j - 3583. Suppose 5*g + 1471 = j. Calculate the remainder when g is divided by 47.
44
What is the remainder when 309 is divided by (3 - -102 - (-24)/(-4))/1?
12
Suppose -35831 = -54*g + 5263. What is the remainder when g is divided by 127?
126
What is the remainder when (-3)/2 - -2 - (-83893)/86 is divided by 323?
7
Let n(q) = q**3 + 5*q**2 - 28*q - 1. Suppose 0 = -171*v + 434 + 25900. Calculate the remainder when v is divided by n(-8).
30
Let m be 0*(-1)/4 - 120/3. What is the remainder when 65 is divided by 540/m*(0 + -2 + 0)?
11
Suppose 2*l - 2*g - 2057 = 3955, 4*g = -4*l + 12008. Calculate the remainder when l is divided by 17.
12
Let y = 1628 - 1456. Calculate the remainder when 652 is divided by y.
136
Suppose -15*b - 34 = 2*b. Let f(t) be the second derivative of -t**5/20 + t**4/12 - 2*t**3/3 - 5*t**2/2 - t. Calculate the remainder when 59 is divided by f(b).
14
Suppose 6*u - 3*u = 4404. What is the remainder when u is divided by 62?
42
Let f = -232 + 234. Suppose f*x + 24 = 42. Calculate the remainder when 39 is divided by x.
3
Suppose -24*b + 1279 = -3449. What is the remainder when 3934 is divided by b?
191
Suppose 0 = -q - f + 74, -4*f = -0*q - 5*q + 406. Suppose -6*r + 11 - 347 = 0. Calculate the remainder when q is divided by (1/(-1))/(7/r).
6
Let r(h) = -12*h - 9. Let s be r(-6). Suppose -t = 3*c - 9, -c - s = -4*t - 4*c. Calculate the remainder when t is divided by (1575/(-1350))/(2/(-12)).
4
Let d(t) = -t**3 - 3*t**2 - t - 3. Let f be d(-3). Suppose 5*l = 2*v - f*l - 34, l = -v + 3. Calculate the remainder when v is divided by 6.
1
Suppose 244 = 4*u - 2*t, -33*u + 4*t = -30*u - 178. What is the remainder when 821 is divided by u?
15
Let j = -3967 + 5285. What is the remainder when j is divided by 322?
30
Suppose 4*i - 676 = -664. Suppose -2*s = 9*c - 14*c + 465, i*c - 279 = -5*s. Calculate the remainder when c is divided by 10.
3
Let t(c) = 3*c**3 - 17*c**2 - 15*c - 6. Let j be (4 + (-12)/(-18))/(2/3). Calculate the remainder when 423 is divided by t(j).
83
Suppose 0 = 4723*u - 4744*u + 50316. What is the remainder when u is divided by 150?
146
Let w = 180 + -47. Let f = -120 + w. What is the remainder when 63 is divided by f?
11
Suppose 10513 = 103*a - 7821. What is the remainder when 51